{"id":173,"date":"2019-10-24T21:52:33","date_gmt":"2019-10-25T00:52:33","guid":{"rendered":"http:\/\/opatriota.org\/?page_id=173"},"modified":"2022-12-31T15:58:53","modified_gmt":"2022-12-31T18:58:53","slug":"os-genios-do-stf-nao-atentaram-para-o-maior-risco-do-fim-da-prisao-em-segunda-instancia","status":"publish","type":"page","link":"https:\/\/opatriota.org\/?page_id=173","title":{"rendered":"Os &#8220;g\u00eanios&#8221; do STF n\u00e3o atentaram para o maior risco do fim da pris\u00e3o em segunda inst\u00e2ncia"},"content":{"rendered":"<p style=\"text-align: justify;\">Os espertalh\u00f5es que se acham inteligentes, mas ca\u00edram nas armadilhas de um analfabeto e cachaceiro, entregando-lhe os rabos na bandeja, n\u00e3o prestaram aten\u00e7\u00e3o a um detalhe bem simples: com o fim da pris\u00e3o em segunda inst\u00e2ncia aumentar\u00e1 os justi\u00e7amentos, e o povo que se sentir injusti\u00e7ado, simplesmente mandar\u00e1 seus algozes direto para o quinto dia infernos e depois se dependurar\u00e1 nas chicanas jur\u00eddicas que lhe garantir\u00e1 a liberdade at\u00e9 a prescri\u00e7\u00e3o da pena.<\/p>\n<p style=\"text-align: justify;\">J\u00e1 imaginaram se algum daqueles que Lula caguetou para o DOI-CODI no tempo do regime militar resolver se vingar e mandar o psicopata corrupto abra\u00e7ar seu pai capeta?<\/p>\n<p style=\"text-align: justify;\">\u00c9 melhor Lula et esc\u00f3ria togada repensar esta t\u00e1tica para livrar os corruptos da cadeia porqu\u00ea o tiro de canh\u00e3o sair\u00e1 pela culatra.<\/p>\n<p style=\"text-align: center;\">[<a href=\"javascript:history.go(-1)\">Voltar<\/a>]<\/p>\n","protected":false},"excerpt":{"rendered":"<p>Os espertalh\u00f5es que se acham inteligentes, mas ca\u00edram nas armadilhas de um analfabeto e cachaceiro, entregando-lhe os rabos na bandeja, n\u00e3o prestaram aten\u00e7\u00e3o a um detalhe bem simples: com o fim da pris\u00e3o em segunda inst\u00e2ncia aumentar\u00e1 os justi\u00e7amentos, e o povo que se sentir injusti\u00e7ado, simplesmente mandar\u00e1 seus algozes direto para o quinto dia &hellip; <a href=\"https:\/\/opatriota.org\/?page_id=173\" class=\"more-link\">Continuar lendo <span class=\"screen-reader-text\">Os &#8220;g\u00eanios&#8221; do STF n\u00e3o atentaram para o maior risco do fim da pris\u00e3o em segunda inst\u00e2ncia<\/span><\/a><\/p>\n","protected":false},"author":1,"featured_media":0,"parent":0,"menu_order":0,"comment_status":"closed","ping_status":"closed","template":"","meta":{"ngg_post_thumbnail":0,"footnotes":""},"class_list":["post-173","page","type-page","status-publish","hentry"],"_links":{"self":[{"href":"https:\/\/opatriota.org\/index.php?rest_route=\/wp\/v2\/pages\/173","targetHints":{"allow":["GET"]}}],"collection":[{"href":"https:\/\/opatriota.org\/index.php?rest_route=\/wp\/v2\/pages"}],"about":[{"href":"https:\/\/opatriota.org\/index.php?rest_route=\/wp\/v2\/types\/page"}],"author":[{"embeddable":true,"href":"https:\/\/opatriota.org\/index.php?rest_route=\/wp\/v2\/users\/1"}],"replies":[{"embeddable":true,"href":"https:\/\/opatriota.org\/index.php?rest_route=%2Fwp%2Fv2%2Fcomments&post=173"}],"version-history":[{"count":1,"href":"https:\/\/opatriota.org\/index.php?rest_route=\/wp\/v2\/pages\/173\/revisions"}],"predecessor-version":[{"id":65543,"href":"https:\/\/opatriota.org\/index.php?rest_route=\/wp\/v2\/pages\/173\/revisions\/65543"}],"wp:attachment":[{"href":"https:\/\/opatriota.org\/index.php?rest_route=%2Fwp%2Fv2%2Fmedia&parent=173"}],"curies":[{"name":"wp","href":"https:\/\/api.w.org\/{rel}","templated":true}]}}