{"id":35889,"date":"2016-09-29T22:10:46","date_gmt":"2016-09-29T22:10:46","guid":{"rendered":"http:\/\/opatriota.org\/?page_id=35889"},"modified":"2022-12-31T16:01:56","modified_gmt":"2022-12-31T19:01:56","slug":"lula-em-pelotas-1994","status":"publish","type":"page","link":"https:\/\/opatriota.org\/?page_id=35889","title":{"rendered":"Lula em Pelotas (1994)"},"content":{"rendered":"<p style=\"text-align: justify;\">Como a justi\u00e7a eleitoral permitiu a candidatura desse criminoso psicopata \u00e0 presid\u00eancia da rep\u00fablica?<\/p>\n<p style=\"text-align: justify;\">Cad\u00ea o Jean Willys e sua esc\u00f3ria de in\u00fateis que n\u00e3o processa Lula por homofobia?<\/p>\n<p style=\"text-align: justify;\">A culpa do que aconteceu com o Brasil nos \u00faltimos 13 anos n\u00e3o \u00e9 apenas do eleitor, especialmente o eleitor ga\u00facho que, mesmo sabendo por este v\u00eddeo o que o abestado com QI e DNA de ameba comatosa pensa de seus eleitores, mas tamb\u00e9m e em grande parte dos magistrados do TSE que aceitaram a candidatura desse cretino imprest\u00e1vel.<\/p>\n<p style=\"text-align: center;\"><video controls=\"controls\" width=\"560\" height=\"\"><source src=\"\/wp-content\/uploads\/2019\/07\/1003.mp4\" type=\"video\/mp4\" \/><\/video><\/p>\n<p style=\"text-align: center;\">[<a href=\"javascript:history.go(-1)\">Voltar<\/a>]<\/p>\n","protected":false},"excerpt":{"rendered":"<p>Como a justi\u00e7a eleitoral permitiu a candidatura desse criminoso psicopata \u00e0 presid\u00eancia da rep\u00fablica? Cad\u00ea o Jean Willys e sua esc\u00f3ria de in\u00fateis que n\u00e3o processa Lula por homofobia? A culpa do que aconteceu com o Brasil nos \u00faltimos 13 anos n\u00e3o \u00e9 apenas do eleitor, especialmente o eleitor ga\u00facho que, mesmo sabendo por este &hellip; <a href=\"https:\/\/opatriota.org\/?page_id=35889\" class=\"more-link\">Continuar lendo <span class=\"screen-reader-text\">Lula em Pelotas (1994)<\/span><\/a><\/p>\n","protected":false},"author":1,"featured_media":0,"parent":0,"menu_order":0,"comment_status":"closed","ping_status":"closed","template":"","meta":{"ngg_post_thumbnail":0,"footnotes":""},"class_list":["post-35889","page","type-page","status-publish","hentry"],"_links":{"self":[{"href":"https:\/\/opatriota.org\/index.php?rest_route=\/wp\/v2\/pages\/35889","targetHints":{"allow":["GET"]}}],"collection":[{"href":"https:\/\/opatriota.org\/index.php?rest_route=\/wp\/v2\/pages"}],"about":[{"href":"https:\/\/opatriota.org\/index.php?rest_route=\/wp\/v2\/types\/page"}],"author":[{"embeddable":true,"href":"https:\/\/opatriota.org\/index.php?rest_route=\/wp\/v2\/users\/1"}],"replies":[{"embeddable":true,"href":"https:\/\/opatriota.org\/index.php?rest_route=%2Fwp%2Fv2%2Fcomments&post=35889"}],"version-history":[{"count":1,"href":"https:\/\/opatriota.org\/index.php?rest_route=\/wp\/v2\/pages\/35889\/revisions"}],"predecessor-version":[{"id":65586,"href":"https:\/\/opatriota.org\/index.php?rest_route=\/wp\/v2\/pages\/35889\/revisions\/65586"}],"wp:attachment":[{"href":"https:\/\/opatriota.org\/index.php?rest_route=%2Fwp%2Fv2%2Fmedia&parent=35889"}],"curies":[{"name":"wp","href":"https:\/\/api.w.org\/{rel}","templated":true}]}}