{"id":36577,"date":"2016-12-04T18:05:03","date_gmt":"2016-12-04T18:05:03","guid":{"rendered":"http:\/\/opatriota.org\/portal\/?page_id=36185"},"modified":"2022-12-31T16:00:08","modified_gmt":"2022-12-31T19:00:08","slug":"o-custo-dos-generais-presidentes","status":"publish","type":"page","link":"https:\/\/opatriota.org\/?page_id=36577","title":{"rendered":"O custo dos generais-presidentes"},"content":{"rendered":"<p style=\"text-align:justify;\">O CUSTO DOS GENERAIS-PRESIDENTES.<\/p>\n<p style=\"text-align:justify;\">S\u00e3o palavras de um rep\u00f3rter que n\u00e3o morre de amores pelos militares.<\/p>\n<p style=\"text-align:justify;\">Os 5 Generais Presidentes.&nbsp;<\/p>\n<p style=\"text-align:justify;\">Autor : jornalista CARLOS CHAGAS<\/p>\n<p style=\"text-align:justify;\">\u201cErros foram praticados durante o regime militar, eram tempos&nbsp;dif\u00edceis. Claro que, no reverso da medalha, foi promovida ampla&nbsp;moderniza\u00e7\u00e3o das nossas estruturas materiais. Fica para o historiador&nbsp;do futuro emitir a senten\u00e7a para aqueles tempos bicudos.\u201d<\/p>\n<p style=\"text-align:justify;\">Mas uma evid\u00eancia salta aos olhos:&nbsp;a honestidade pessoal de cada um!<\/p>\n<ol style=\"text-align:justify;\">\n<li>Quando Castelo Branco morreu num desastre de avi\u00e3o, verificaram os herdeiros que seu patrim\u00f4nio limitava-se a um apartamento em Ipanema e umas poucas a\u00e7\u00f5es de empresas p\u00fablicas e privadas.<\/li>\n<li>Costa e Silva, acometido por um derrame cerebral, recebeu de favor o privil\u00e9gio de permanecer at\u00e9 o desenlace no pal\u00e1cio das Laranjeiras, deixando para a vi\u00fava a pens\u00e3o de marechal e um apartamento em constru\u00e7\u00e3o, em Copacabana.<\/li>\n<li>Garrastazu M\u00e9dici dispunha, como heran\u00e7a de fam\u00edlia, de uma fazenda de gado em Bag\u00e9, mas quando adoeceu precisou ser tratado no Hospital da Aeron\u00e1utica, no Gale\u00e3o.<\/li>\n<li>Ernesto Geisel, antes de assumir a presid\u00eancia da Rep\u00fablica, comprou o S\u00edtio dos Cinamonos, em Teres\u00f3polis, que a filha vendeu para poder manter-se no apartamento de tr\u00eas quartos e sala, no Rio.<\/li>\n<li>Jo\u00e3o Figueiredo, depois de deixar o poder, n\u00e3o aguentou as despesas do S\u00edtio do Drag\u00e3o, em Petr\u00f3polis, vendendo primeiro os cavalos e depois a propriedade. Sua vi\u00fava, recentemente falecida, deixou um apartamento em S\u00e3o Conrado que os filhos agora colocaram \u00e0 venda, ao que parece em estado de lament\u00e1vel conserva\u00e7\u00e3o. OBS: foi operado no Hospital dos Servidores do Estado, no Rio.<\/li>\n<\/ol>\n<p style=\"text-align:justify;\">N\u00e3o \u00e9 nada, n\u00e3o \u00e9 nada, mas os cinco generais-presidentes at\u00e9 podem ter cometido erros, mas n\u00e3o se meteram em neg\u00f3cios, n\u00e3o enriqueceram nem receberam benesses de empreiteiras beneficiadas durante seus governos.&nbsp;Sequer criaram institutos destinados a preservar seus documentos ou agenciar contratos para consultorias e palestras regiamente remuneradas.<br \/>\nBem diferente dos tempos atuais, n\u00e3o \u00e9?<\/p>\n<p style=\"text-align:justify;\">Acrescento:<\/p>\n<ul style=\"text-align:justify;\">\n<li>NENHUM DELES mandou fazer um filme pseudo biogr\u00e1fico, pago com dinheiro p\u00fablico, de&nbsp;auto-exalta\u00e7\u00e3o e culto \u00e0 pr\u00f3pria personalidade!<\/li>\n<li>NENHUM DELES usou dinheiro p\u00fablico para fazer um parque homenageando a pr\u00f3pria m\u00e3e.<\/li>\n<li>NENHUM DELES usou o hospital S\u00edrio e Liban\u00eas.<\/li>\n<li>NENHUM DELES comprou avi\u00e3o de luxo no exterior.<\/li>\n<li>NENHUM DELES enviou nosso dinheiro para \u201cajudar\u201d outro pa\u00eds.<\/li>\n<li>NENHUM DELES saiu de Bras\u00edlia, ao fim do mandato, acompanhado por 11 caminh\u00f5es lotados de toda esp\u00e9cie de m\u00f3veis e objetos &nbsp;roubados.<\/li>\n<li>NENHUM DELES exaltou a ignor\u00e2ncia.<\/li>\n<li>NENHUM DELES falava errado.<\/li>\n<li>NENHUM DELES apareceu embriagado em p\u00fablico.<\/li>\n<li>NENHUM DELES se mijou em p\u00fablico.<\/li>\n<li>NENHUM DELES passou a apoiar not\u00f3rios desonestos depois de t\u00ea-los chamado de ladr\u00f5es.<\/li>\n<\/ul>\n<p style=\"text-align:justify;\">BRASIL:<\/p>\n<p style=\"text-align:justify;\">VOC\u00ca QUE SABE LER E ENTENDE O QUE LEU,<\/p>\n<p style=\"text-align:justify;\">COMPARTILHE COM OS QUE N\u00c3O SABEM.<\/p>\n<p style=\"text-align:justify;\">ELES PRECISAM SER INFORMADOS!<\/p>\n","protected":false},"excerpt":{"rendered":"<p>O CUSTO DOS GENERAIS-PRESIDENTES. S\u00e3o palavras de um rep\u00f3rter que n\u00e3o morre de amores pelos militares. Os 5 Generais Presidentes.&nbsp; Autor : jornalista CARLOS CHAGAS \u201cErros foram praticados durante o regime militar, eram tempos&nbsp;dif\u00edceis. Claro que, no reverso da medalha, foi promovida ampla&nbsp;moderniza\u00e7\u00e3o das nossas estruturas materiais. Fica para o historiador&nbsp;do futuro emitir a senten\u00e7a &hellip; <a href=\"https:\/\/opatriota.org\/?page_id=36577\" class=\"more-link\">Continuar lendo <span class=\"screen-reader-text\">O custo dos generais-presidentes<\/span><\/a><\/p>\n","protected":false},"author":1,"featured_media":0,"parent":0,"menu_order":0,"comment_status":"closed","ping_status":"closed","template":"","meta":{"ngg_post_thumbnail":0,"footnotes":""},"class_list":["post-36577","page","type-page","status-publish","hentry"],"_links":{"self":[{"href":"https:\/\/opatriota.org\/index.php?rest_route=\/wp\/v2\/pages\/36577","targetHints":{"allow":["GET"]}}],"collection":[{"href":"https:\/\/opatriota.org\/index.php?rest_route=\/wp\/v2\/pages"}],"about":[{"href":"https:\/\/opatriota.org\/index.php?rest_route=\/wp\/v2\/types\/page"}],"author":[{"embeddable":true,"href":"https:\/\/opatriota.org\/index.php?rest_route=\/wp\/v2\/users\/1"}],"replies":[{"embeddable":true,"href":"https:\/\/opatriota.org\/index.php?rest_route=%2Fwp%2Fv2%2Fcomments&post=36577"}],"version-history":[{"count":1,"href":"https:\/\/opatriota.org\/index.php?rest_route=\/wp\/v2\/pages\/36577\/revisions"}],"predecessor-version":[{"id":65565,"href":"https:\/\/opatriota.org\/index.php?rest_route=\/wp\/v2\/pages\/36577\/revisions\/65565"}],"wp:attachment":[{"href":"https:\/\/opatriota.org\/index.php?rest_route=%2Fwp%2Fv2%2Fmedia&parent=36577"}],"curies":[{"name":"wp","href":"https:\/\/api.w.org\/{rel}","templated":true}]}}