{"id":380,"date":"2009-11-08T16:58:21","date_gmt":"2009-11-08T18:58:21","guid":{"rendered":"http:\/\/opatriota.org\/?page_id=380"},"modified":"2022-12-31T16:03:44","modified_gmt":"2022-12-31T19:03:44","slug":"coreia-do-norte-o-inferno-na-terra-2","status":"publish","type":"page","link":"https:\/\/opatriota.org\/?page_id=380","title":{"rendered":"Coreia do Norte: o inferno na terra"},"content":{"rendered":"<p style=\"text-align: justify;\">Este v\u00eddeo sobre uma fuga da&nbsp;<strong>Coreia da Morte,&nbsp;<\/strong>como os apresentadores&nbsp;chamam aquele pa\u00eds,&nbsp;\u00e9 um oferecimento deste s\u00edtio aos VAGABUNDOS DO PT que apoiam ditaduras sanguin\u00e1rias.<\/p>\n<p style=\"text-align: justify;\">Os de<strong>PUTA<\/strong>dos imprest\u00e1veis que fizeram, gastando dinheiro do contribuinte brasileiro, v\u00eddeos de apoio ao sanguin\u00e1rio N\u00edcolas Maduro, que logo apodrecer\u00e1 no fundo de um buraco, pois se o seu ex\u00e9rcito n\u00e3o o tirar do poder, o povo o far\u00e1, deveriam se mudar para a Coreia do Norte ou para a Venezuela e deixarem de torrar o dinheiro do contribuinte brasileiro com suas exist\u00eancias in\u00fateis.<\/p>\n<p style=\"text-align: justify;\">Voc\u00eas ver\u00e3o no filme que os fugitivos levavam, cada um, uma dose de \u00f3pio suficiente para se suicidarem, caso fossem apanhados&nbsp;e repatriados.<\/p>\n<p style=\"text-align: justify;\"><strong>V\u00c3O PARA&nbsp; INFERNO, VAGABUNDOS, PARASITAS, CORRUPTOS. O CAPETA VOS ESPERA DE BRA\u00c7OS ABERTOS, OU ENT\u00c3O V\u00c3O MORAR EM CURITIBA, QUE OS ESPERA DE GRADES ABERTAS.<\/strong><\/p>\n<p style=\"text-align: center;\"><video controls=\"controls\" width=\"560\" height=\"\"><source src=\"\/mp4\/1261.mp4\" type=\"video\/mp4\" \/><\/video><\/p>\n<p style=\"text-align: center;\">[<a href=\"javascript:history.go(-1)\">Voltar<\/a>]<\/p>\n","protected":false},"excerpt":{"rendered":"<p>Este v\u00eddeo sobre uma fuga da&nbsp;Coreia da Morte,&nbsp;como os apresentadores&nbsp;chamam aquele pa\u00eds,&nbsp;\u00e9 um oferecimento deste s\u00edtio aos VAGABUNDOS DO PT que apoiam ditaduras sanguin\u00e1rias. Os dePUTAdos imprest\u00e1veis que fizeram, gastando dinheiro do contribuinte brasileiro, v\u00eddeos de apoio ao sanguin\u00e1rio N\u00edcolas Maduro, que logo apodrecer\u00e1 no fundo de um buraco, pois se o seu ex\u00e9rcito n\u00e3o &hellip; <a href=\"https:\/\/opatriota.org\/?page_id=380\" class=\"more-link\">Continuar lendo <span class=\"screen-reader-text\">Coreia do Norte: o inferno na terra<\/span><\/a><\/p>\n","protected":false},"author":1,"featured_media":0,"parent":0,"menu_order":0,"comment_status":"closed","ping_status":"closed","template":"","meta":{"ngg_post_thumbnail":0,"footnotes":""},"class_list":["post-380","page","type-page","status-publish","hentry"],"_links":{"self":[{"href":"https:\/\/opatriota.org\/index.php?rest_route=\/wp\/v2\/pages\/380","targetHints":{"allow":["GET"]}}],"collection":[{"href":"https:\/\/opatriota.org\/index.php?rest_route=\/wp\/v2\/pages"}],"about":[{"href":"https:\/\/opatriota.org\/index.php?rest_route=\/wp\/v2\/types\/page"}],"author":[{"embeddable":true,"href":"https:\/\/opatriota.org\/index.php?rest_route=\/wp\/v2\/users\/1"}],"replies":[{"embeddable":true,"href":"https:\/\/opatriota.org\/index.php?rest_route=%2Fwp%2Fv2%2Fcomments&post=380"}],"version-history":[{"count":1,"href":"https:\/\/opatriota.org\/index.php?rest_route=\/wp\/v2\/pages\/380\/revisions"}],"predecessor-version":[{"id":65594,"href":"https:\/\/opatriota.org\/index.php?rest_route=\/wp\/v2\/pages\/380\/revisions\/65594"}],"wp:attachment":[{"href":"https:\/\/opatriota.org\/index.php?rest_route=%2Fwp%2Fv2%2Fmedia&parent=380"}],"curies":[{"name":"wp","href":"https:\/\/api.w.org\/{rel}","templated":true}]}}