{"id":39410,"date":"2017-11-22T14:05:05","date_gmt":"2017-11-22T14:05:05","guid":{"rendered":"https:\/\/opatriotasite.wordpress.com\/?page_id=39410"},"modified":"2024-08-27T21:50:57","modified_gmt":"2024-08-28T00:50:57","slug":"os-verdadeiros-racistas-brasileiros","status":"publish","type":"page","link":"https:\/\/opatriota.org\/?page_id=39410","title":{"rendered":"Os verdadeiros racistas brasileiros"},"content":{"rendered":"<p style=\"text-align: justify;\">Nenhum meio de comunica\u00e7\u00e3o aberta, nem mesmo governamental veiculou qualquer coisa sobre o dia da&nbsp;<strong>Bandeira<\/strong>, s\u00edmbolo sagrado do pa\u00eds, mas todas as emissoras passaram o dia mostrando propaganda de negros exaltando o tal &#8220;dia da consci\u00eancia negra&#8221;, contra o qual se levantou a jornalista Gl\u00f3ria Maria, uma negra que \u00e9 refer\u00eancia na luta por igualdade e respeito, mas sendo achincalhada por diversos negros que, ou por ignor\u00e2ncia, por inveja ou por incompet\u00eancia, criticaram duramente a verdade absoluta que ela publicou em uma rede social (leia <a href=\"https:\/\/gauchazh.clicrbs.com.br\/comportamento\/gente\/noticia\/2017\/11\/seguidores-pedem-para-gloria-maria-deletar-post-polemico-sobre-consciencia-negra-jornalista-rebate-cja8fc6j9002a01npvpssjtah.html\" target=\"_blank\" rel=\"noopener noreferrer\">aqui<\/a>)<\/p>\n<p style=\"text-align: justify;\">Os negros brasileiros reclamam que s\u00e3o discriminados, que n\u00e3o tem as mesmas condi\u00e7\u00f5es e oportunidades que os brancos, mas a bem da verdade a culpa \u00e9 deles mesmos.<\/p>\n<p style=\"text-align: justify;\">Antes que me atirem pedras e queiram me denunciar por racismo, explico minha tese com fatos incontest\u00e1veis:<\/p>\n<ol style=\"text-align: justify;\">\n<li>para come\u00e7o de conversa, exigem serem chamados de afro-descendentes. Eles tem vergonha de serem chamados de negros. E os poloneses, alem\u00e3es, eslavos e outros povos que s\u00e3o chamados de polacos e n\u00e3o brigam? E os libaneses, que s\u00e3o \u00e1rabes, mas comumente chamados de turcos? Ser chamado de negro \u00e9 vergonhoso? Por um acaso eles n\u00e3o tem orgulho de suas origens? Se os negros sentem envergonha de serem chamados ou designados pela cor da pele ou pela origem,&nbsp;ent\u00e3o para qu\u00ea <strong>dia da consci\u00eancia negra<\/strong>, que fecha com\u00e9rcio e causa preju\u00edzo? Lament\u00e1vel;<\/li>\n<li><strong>dia da consci\u00eancia negra<\/strong>. Exigiram a cria\u00e7\u00e3o de um dia, um feriado, para exercitarem a consci\u00eancia de que s\u00e3o negros? Por um acaso negro n\u00e3o \u00e9 humano? N\u00e3o pertence ao g\u00eanero&nbsp;<em>Homo<\/em>, esp\u00e9cie&nbsp;<em>sapiens<\/em>? Ser\u00e1 que os negros s\u00e3o alien\u00edgenas e n\u00e3o pertencem \u00e0 mesma esp\u00e9cie que os eslavos (suecos, finlandeses, dinamarqueses e noruegueses), os nip\u00f4nicos (japoneses e cercanias), os hindus, os semitas (\u00e1rabes, judeus, curdos &amp; vizinhan\u00e7as), os germ\u00e2nicos (alem\u00e3es, austr\u00edacos, h\u00fangaros, su\u00ed\u00e7os e adjac\u00eancias), Bret\u00f5es e Anglo-sax\u00f5es (n\u00e3o precisa dizer quem s\u00e3o, n\u00e3o \u00e9?), os esquim\u00f3s (Alaska), os <strong>peles vermelhas&nbsp;<\/strong>(\u00edndios norte-americanos),&nbsp;os lat<strong>R<\/strong>inos (n\u00f3s)&#8230;<\/li>\n<li><strong>os negros brasileiros exigem leis<\/strong> que os protejam e os privilegiem em disputas com os brancos;<\/li>\n<li><strong>os negros vibram com as cotas raciais<\/strong> que n\u00e3o passam de um atestado claro e cristalino de INCOMPET\u00caNCIA, de INFERIORIDADE , n\u00e3o passando de mera INSTITUCIONALIZA\u00c7\u00c3O DO RACISMO. A lei de cotas torna o racismo legal e oficial, Transforma o racismo em LEI. Apenas idiotas com QI de ameba comatosa n\u00e3o enxergam a grande arapuca que foi a lei das cotas raciais;<\/li>\n<li><strong>a escravid\u00e3o foi abolida h\u00e1 quase 130 anos<\/strong> e os negros brasileiros ainda n\u00e3o aprenderam a viver em liberdade? Continuam a chorar e se vitimizar como se ainda estivessem acorrentados nas senzalas?<\/li>\n<li><strong>Acusam de racismo quem n\u00e3o lhes d\u00e1 nada de m\u00e3o beijada<\/strong> ou os criticam, exigindo deles comprova\u00e7\u00e3o de merecerem o que est\u00e3o pleiteando&#8230;<\/li>\n<li><strong>Meritocracia nem pensar&#8230; <\/strong>Qualquer pessoa tem que mostrar seus m\u00e9ritos, talentos ou merecimentos para ser reconhecido. Tem que estudar e passar em vestibular como qualquer estudante de qualquer etnia. Tem que se esfor\u00e7ar no trabalho e ser promovido pelo valor&#8230; Os negros brasileiros querem tudo de m\u00e3o beijada: cotas raciais para vestibular e concurso p\u00fablico, estudar e concorrer em igualdade de condi\u00e7\u00f5es com todos os demais candidatos, nem pensar! D\u00e1 muito trabalho, cansa muito!<\/li>\n<li><strong>Os verdadeiros racistas s\u00e3o os negros. <\/strong>Os negros exigem tratamento diferenciado em rela\u00e7\u00e3o ao branco porque foram escravizados na \u00c1frica e contrabandeados para o Brasil, tendo que trabalhar em lavouras, sem liberdade, mas e os judeus na Alemanha Nazista? Enquanto a escravid\u00e3o no Brasil durou exatos 350 anos (1539 &#8211; 1889) e para estas terras amaldi\u00e7oadas foram trazidos cerca de tr\u00eas milh\u00f5es de escravos durante os tr\u00eas s\u00e9culos e meio que durou a escravid\u00e3o, os nazistas roubaram e exterminaram seis milh\u00f5es de judeus em apenas seis anos (1939 &#8211; 1945). Os judeus tamb\u00e9m foram escravizados ao longo do tempo e n\u00e3o vivem por a\u00ed posando de coitadinhos, culpando os iranianos (escravid\u00e3o na P\u00e9rsia at\u00e9 que o Rei Ciro os libertou e permitiu que voltassem \u00e0 Jerusal\u00e9m e reconstru\u00edssem o Tempo), os iraquianos (cativeiros da Ass\u00edria e Babil\u00f4nia) e outros povos que os escravizaram pelos seus fracassos, derrotas e sofrimentos, exigindo repara\u00e7\u00e3o e privil\u00e9gios. Os escravos n\u00e3o foram trazidos aqui for\u00e7osamente para serem roubados e mortos, mas vieram como mercadoria, para trabalharem e produzirem e a maioria recebia alguma esp\u00e9cie de sal\u00e1rios, enquanto os judeus foram presos, torturados e massacrados.<\/li>\n<li><strong>Judeus alem\u00e3es nem pensam em cotas raciais&#8230; Repudiam! <\/strong>Nenhum judeu fica chorando m\u00e1goas ou &#8220;pitangas&#8221; na Alemanha atual, exigindo vantagens e prote\u00e7\u00e3o contra os germ\u00e2nicos por causa do holocausto. Judeus tem dignidade e amor pr\u00f3prio e n\u00e3o suportam viver de esmolas ou favores, enquanto os negros brasileiros&#8230; Reclamam muito, mas mostram poucos m\u00e9ritos.<\/li>\n<li>H\u00e1 um costume, tradi\u00e7\u00e3o ou mesmo institui\u00e7\u00e3o no juda\u00edsmo chamado <em><strong>bar&nbsp;mitzvah&nbsp;<\/strong><\/em>(\u1263\u122d \u121a\u123d\u126b) na qual, ao completar 13 anos o filho HOMEM \u00e9 considerado adulto e tem de enfrentar uma esp\u00e9cie de sabatina ou argui\u00e7\u00e3o para testar sua intelig\u00eancia e gra\u00e7as a esta tradi\u00e7\u00e3o, Israel \u00e9 um dos pa\u00edses que mais se faz pesquisa acad\u00eamica e tecnol\u00f3gica no mundo. \u00c9 o segundo colocado em n\u00famero de Pr\u00eamios Nobel e de patentes.&nbsp;<\/li>\n<li><strong>N\u00e3o foi o branco que escravizou o negro. <\/strong>Foram negros que escravizaram negros capturados em guerras entre tribos e venderam para os brancos na costa africana. Quem duvida, assista a este v\u00eddeo <a href=\"?page_id=42796\">aqui<\/a><\/li>\n<\/ol>\n<p style=\"text-align: center;\"><video controls=\"controls\" width=\"560\" height=\"x\"><source src=\"https:\/\/opatriota.org\/wp-content\/uploads\/2019\/09\/1700.mp4\" type=\"video\/mp4\"><\/video><\/p>\n<p style=\"text-align: center;\">[<a href=\"javascript:history.go(-1)\">Voltar<\/a>]<\/p>\n","protected":false},"excerpt":{"rendered":"<p>Nenhum meio de comunica\u00e7\u00e3o aberta, nem mesmo governamental veiculou qualquer coisa sobre o dia da&nbsp;Bandeira, s\u00edmbolo sagrado do pa\u00eds, mas todas as emissoras passaram o dia mostrando propaganda de negros exaltando o tal &#8220;dia da consci\u00eancia negra&#8221;, contra o qual se levantou a jornalista Gl\u00f3ria Maria, uma negra que \u00e9 refer\u00eancia na luta por igualdade &hellip; <a href=\"https:\/\/opatriota.org\/?page_id=39410\" class=\"more-link\">Continuar lendo <span class=\"screen-reader-text\">Os verdadeiros racistas brasileiros<\/span><\/a><\/p>\n","protected":false},"author":1,"featured_media":0,"parent":0,"menu_order":0,"comment_status":"closed","ping_status":"closed","template":"","meta":{"ngg_post_thumbnail":0,"footnotes":""},"class_list":["post-39410","page","type-page","status-publish","hentry"],"_links":{"self":[{"href":"https:\/\/opatriota.org\/index.php?rest_route=\/wp\/v2\/pages\/39410","targetHints":{"allow":["GET"]}}],"collection":[{"href":"https:\/\/opatriota.org\/index.php?rest_route=\/wp\/v2\/pages"}],"about":[{"href":"https:\/\/opatriota.org\/index.php?rest_route=\/wp\/v2\/types\/page"}],"author":[{"embeddable":true,"href":"https:\/\/opatriota.org\/index.php?rest_route=\/wp\/v2\/users\/1"}],"replies":[{"embeddable":true,"href":"https:\/\/opatriota.org\/index.php?rest_route=%2Fwp%2Fv2%2Fcomments&post=39410"}],"version-history":[{"count":6,"href":"https:\/\/opatriota.org\/index.php?rest_route=\/wp\/v2\/pages\/39410\/revisions"}],"predecessor-version":[{"id":83244,"href":"https:\/\/opatriota.org\/index.php?rest_route=\/wp\/v2\/pages\/39410\/revisions\/83244"}],"wp:attachment":[{"href":"https:\/\/opatriota.org\/index.php?rest_route=%2Fwp%2Fv2%2Fmedia&parent=39410"}],"curies":[{"name":"wp","href":"https:\/\/api.w.org\/{rel}","templated":true}]}}

<p style="text-align: justify;">Nenhum meio de comunicação aberta, nem mesmo governamental veiculou qualquer coisa sobre o dia da&nbsp;<strong>Bandeira</strong>, símbolo sagrado do país, mas todas as emissoras passaram o dia mostrando propaganda de negros exaltando o tal &#8220;dia da consciência negra&#8221;, contra o qual se levantou a jornalista Glória Maria, uma negra que é referência na luta por igualdade e respeito, mas sendo achincalhada por diversos negros que, ou por ignorância, por inveja ou por incompetência, criticaram duramente a verdade absoluta que ela publicou em uma rede social (leia <a href="https://gauchazh.clicrbs.com.br/comportamento/gente/noticia/2017/11/seguidores-pedem-para-gloria-maria-deletar-post-polemico-sobre-consciencia-negra-jornalista-rebate-cja8fc6j9002a01npvpssjtah.html" target="_blank" rel="noopener noreferrer">aqui</a>)</p>
<p style="text-align: justify;">Os negros brasileiros reclamam que são discriminados, que não tem as mesmas condições e oportunidades que os brancos, mas a bem da verdade a culpa é deles mesmos.</p>
<p style="text-align: justify;">Antes que me atirem pedras e queiram me denunciar por racismo, explico minha tese com fatos incontestáveis:</p>
<ol style="text-align: justify;">
<li>para começo de conversa, exigem serem chamados de afro-descendentes. Eles tem vergonha de serem chamados de negros. E os poloneses, alemães, eslavos e outros povos que são chamados de polacos e não brigam? E os libaneses, que são árabes, mas comumente chamados de turcos? Ser chamado de negro é vergonhoso? Por um acaso eles não tem orgulho de suas origens? Se os negros sentem envergonha de serem chamados ou designados pela cor da pele ou pela origem,&nbsp;então para quê <strong>dia da consciência negra</strong>, que fecha comércio e causa prejuízo? Lamentável;</li>
<li><strong>dia da consciência negra</strong>. Exigiram a criação de um dia, um feriado, para exercitarem a consciência de que são negros? Por um acaso negro não é humano? Não pertence ao gênero&nbsp;<em>Homo</em>, espécie&nbsp;<em>sapiens</em>? Será que os negros são alienígenas e não pertencem à mesma espécie que os eslavos (suecos, finlandeses, dinamarqueses e noruegueses), os nipônicos (japoneses e cercanias), os hindus, os semitas (árabes, judeus, curdos &amp; vizinhanças), os germânicos (alemães, austríacos, húngaros, suíços e adjacências), Bretões e Anglo-saxões (não precisa dizer quem são, não é?), os esquimós (Alaska), os <strong>peles vermelhas&nbsp;</strong>(índios norte-americanos),&nbsp;os lat<strong>R</strong>inos (nós)&#8230;</li>
<li><strong>os negros brasileiros exigem leis</strong> que os protejam e os privilegiem em disputas com os brancos;</li>
<li><strong>os negros vibram com as cotas raciais</strong> que não passam de um atestado claro e cristalino de INCOMPETÊNCIA, de INFERIORIDADE , não passando de mera INSTITUCIONALIZAÇÃO DO RACISMO. A lei de cotas torna o racismo legal e oficial, Transforma o racismo em LEI. Apenas idiotas com QI de ameba comatosa não enxergam a grande arapuca que foi a lei das cotas raciais;</li>
<li><strong>a escravidão foi abolida há quase 130 anos</strong> e os negros brasileiros ainda não aprenderam a viver em liberdade? Continuam a chorar e se vitimizar como se ainda estivessem acorrentados nas senzalas?</li>
<li><strong>Acusam de racismo quem não lhes dá nada de mão beijada</strong> ou os criticam, exigindo deles comprovação de merecerem o que estão pleiteando&#8230;</li>
<li><strong>Meritocracia nem pensar&#8230; </strong>Qualquer pessoa tem que mostrar seus méritos, talentos ou merecimentos para ser reconhecido. Tem que estudar e passar em vestibular como qualquer estudante de qualquer etnia. Tem que se esforçar no trabalho e ser promovido pelo valor&#8230; Os negros brasileiros querem tudo de mão beijada: cotas raciais para vestibular e concurso público, estudar e concorrer em igualdade de condições com todos os demais candidatos, nem pensar! Dá muito trabalho, cansa muito!</li>
<li><strong>Os verdadeiros racistas são os negros. </strong>Os negros exigem tratamento diferenciado em relação ao branco porque foram escravizados na África e contrabandeados para o Brasil, tendo que trabalhar em lavouras, sem liberdade, mas e os judeus na Alemanha Nazista? Enquanto a escravidão no Brasil durou exatos 350 anos (1539 &#8211; 1889) e para estas terras amaldiçoadas foram trazidos cerca de três milhões de escravos durante os três séculos e meio que durou a escravidão, os nazistas roubaram e exterminaram seis milhões de judeus em apenas seis anos (1939 &#8211; 1945). Os judeus também foram escravizados ao longo do tempo e não vivem por aí posando de coitadinhos, culpando os iranianos (escravidão na Pérsia até que o Rei Ciro os libertou e permitiu que voltassem à Jerusalém e reconstruíssem o Tempo), os iraquianos (cativeiros da Assíria e Babilônia) e outros povos que os escravizaram pelos seus fracassos, derrotas e sofrimentos, exigindo reparação e privilégios. Os escravos não foram trazidos aqui forçosamente para serem roubados e mortos, mas vieram como mercadoria, para trabalharem e produzirem e a maioria recebia alguma espécie de salários, enquanto os judeus foram presos, torturados e massacrados.</li>
<li><strong>Judeus alemães nem pensam em cotas raciais&#8230; Repudiam! </strong>Nenhum judeu fica chorando mágoas ou &#8220;pitangas&#8221; na Alemanha atual, exigindo vantagens e proteção contra os germânicos por causa do holocausto. Judeus tem dignidade e amor próprio e não suportam viver de esmolas ou favores, enquanto os negros brasileiros&#8230; Reclamam muito, mas mostram poucos méritos.</li>
<li>Há um costume, tradição ou mesmo instituição no judaísmo chamado <em><strong>bar&nbsp;mitzvah&nbsp;</strong></em>(ባር ሚሽቫ) na qual, ao completar 13 anos o filho HOMEM é considerado adulto e tem de enfrentar uma espécie de sabatina ou arguição para testar sua inteligência e graças a esta tradição, Israel é um dos países que mais se faz pesquisa acadêmica e tecnológica no mundo. É o segundo colocado em número de Prêmios Nobel e de patentes.&nbsp;</li>
<li><strong>Não foi o branco que escravizou o negro. </strong>Foram negros que escravizaram negros capturados em guerras entre tribos e venderam para os brancos na costa africana. Quem duvida, assista a este vídeo <a href="?page_id=42796">aqui</a></li>
</ol>
<p style="text-align: center;"><video controls="controls" width="560" height="x"><source src="https://opatriota.org/wp-content/uploads/2019/09/1700.mp4" type="video/mp4"></video></p>
<p style="text-align: center;">[<a href="javascript:history.go(-1)">Voltar</a>]</p>

<p>Nenhum meio de comunicação aberta, nem mesmo governamental veiculou qualquer coisa sobre o dia da&nbsp;Bandeira, símbolo sagrado do país, mas todas as emissoras passaram o dia mostrando propaganda de negros exaltando o tal &#8220;dia da consciência negra&#8221;, contra o qual se levantou a jornalista Glória Maria, uma negra que é referência na luta por igualdade &hellip; <a href="https://opatriota.org/?page_id=39410" class="more-link">Continuar lendo <span class="screen-reader-text">Os verdadeiros racistas brasileiros</span></a></p>
