{"id":39600,"date":"2017-12-15T01:31:25","date_gmt":"2017-12-15T01:31:25","guid":{"rendered":"https:\/\/opatriotasite.wordpress.com\/?page_id=39600"},"modified":"2022-12-31T15:08:20","modified_gmt":"2022-12-31T18:08:20","slug":"quem-fala-o-que-quer-acaba-lendo-o-que-nao-quer","status":"publish","type":"page","link":"https:\/\/opatriota.org\/?page_id=39600","title":{"rendered":"Quem fala o que quer, acaba lendo o que n\u00e3o quer"},"content":{"rendered":"<p style=\"text-align: justify;\">Joice: Farra das aposentadorias de Maraj\u00e1 tem que acabar.<\/p>\n<p style=\"text-align: justify;\">Abaixo quatro coment\u00e1rios de um visitante do canal Os Pingos nos Is no v\u00eddeo em que Joice Hasselmann esculacha com os servidores p\u00fablicos.<\/p>\n<p style=\"text-align: justify; padding-left: 30px;\"><em><strong>\u201cJoice, como o setor p\u00fablico n\u00e3o produz se TODA A PESQUISA ACAD\u00caMICA NO BRASIL S\u00d3 \u00c9 FEITA NAS UNIVERSIDADES FEDERAIS? Fa\u00e7a-nos um favor: pare de nos ofender, especialmente os servidores da educa\u00e7\u00e3o, que recebemos os menores sal\u00e1rios do funcionalismo p\u00fablico. O dinheiro que falta na previd\u00eancia \u00e9 o dinheiro desviado via DRU para tapar os rombos da corrup\u00e7\u00e3o. A inciativa privada, que voc\u00ea tanto bajula, n\u00e3o investe um centavo em pesquisa, apenas usa os resultados da nossa PRODU\u00c7\u00c3O sem pagar um centavo de royalts.\u201d<\/strong><\/em><\/p>\n<p style=\"text-align: justify; padding-left: 30px;\"><em><strong>\u201cE n\u00e3o esque\u00e7a que voc\u00ea estudou em universidade p\u00fablica, a Universidade Estadual de Ponta Grossa. Ser\u00e1 que voc\u00ea n\u00e3o viu ou ningu\u00e9m te contou o quanto a sua UEPG investia em pesquisa? Pare de ser leviana e colocar os servidores concursados, QUE CARREGAM O SERVI\u00c7O P\u00daBLICO NAS COSTAS, no mesmo balaio dos parasitas nomeados para cargo de confian\u00e7a que recebem fortunas par n\u00e3o fazer nada. Pare de defender as mentiras desgovernamentais. Quebrar a previd\u00eancia Joice? N\u00f3s pagamos 14% de PSS \u2013 contribui\u00e7\u00e3o previdenci\u00e1ria do servidor p\u00fablico, enquanto os celetistas pagam 8%.\u201d<\/strong><\/em><\/p>\n<p style=\"text-align: justify; padding-left: 30px;\"><em><strong>\u201cA verdade ningu\u00e9m fala nesta republiqueta de bananas chamada \u201cTerra brasilis\u201d. Com certeza um monte de deslumbrados, abestados e bobos alegres que tem DNA de papagaio me atirar\u00e3o pedras, ou melhor, letras, mas a verdade tem que ser dita. N\u00c3O EXISTE PESQUISA ACAD\u00caMICA DE PONTA E ALTA TECNOLOGIA FORA DAS UNIVERSIDADES P\u00daBLICAS!!!!\u201d<\/strong><\/em><\/p>\n<p style=\"text-align: justify; padding-left: 30px;\"><em><strong>\u201cO desgoverno do bode caqu\u00e9tico usa o funcionalismo p\u00fablico para enganar a popula\u00e7\u00e3o e esconde a verdade. Existe o servidor p\u00fablico concursado, cujos sal\u00e1rios n\u00e3o s\u00e3o nem um pouco de maraj\u00e1, como voc\u00ea fala levianamente, Joice, est\u00e3o na internet para quem quiser ver; e existe os cumpinchas, c\u00famplices, lambe rabo, parasitas, etc, etc, etc, de pol\u00edticos nomeados para cargos de confian\u00e7a, QUE N\u00c3O PRODUZEM E GANHAM FORTUNAS. Os sal\u00e1rios dos sanguessugas disfar\u00e7ados de servidores p\u00fablicos sem o serem de fato e de direito n\u00e3o s\u00e3o publicados na internet. Tem VAGABUNDO LAMBE RABO DE SENADOR QUE GANHA AT\u00c9 R$120.000,00 por m\u00eas. Estes \u00e9 que devem ser combatidos e enxotados do servi\u00e7o p\u00fablico. As mordomias, jetons, aux\u00edlio-palit\u00f3, moradia, aux\u00edlio puta-que-pariu, tem que ser cortados e todo o dinheiro j\u00e1 gasto com eles tem que ser devolvido, pois \u00c9 DINHEIRO O POVO!\u201d<\/strong><\/em><\/p>\n<p style=\"text-align: justify;\">Assistam ao v\u00eddeo abaixo e tirem suas conclus\u00f5es:<\/p>\n<p style=\"text-align: center;\"><iframe loading=\"lazy\" src=\"\/\/www.youtube.com\/embed\/IgfyPX4-gEc\" width=\"560\" height=\"314\" allowfullscreen=\"allowfullscreen\"><\/iframe><\/p>\n<div style=\"text-align: center;\">&nbsp;<\/div>\n","protected":false},"excerpt":{"rendered":"<p>Joice: Farra das aposentadorias de Maraj\u00e1 tem que acabar. Abaixo quatro coment\u00e1rios de um visitante do canal Os Pingos nos Is no v\u00eddeo em que Joice Hasselmann esculacha com os servidores p\u00fablicos. \u201cJoice, como o setor p\u00fablico n\u00e3o produz se TODA A PESQUISA ACAD\u00caMICA NO BRASIL S\u00d3 \u00c9 FEITA NAS UNIVERSIDADES FEDERAIS? Fa\u00e7a-nos um favor: &hellip; <a href=\"https:\/\/opatriota.org\/?page_id=39600\" class=\"more-link\">Continuar lendo <span class=\"screen-reader-text\">Quem fala o que quer, acaba lendo o que n\u00e3o quer<\/span><\/a><\/p>\n","protected":false},"author":1,"featured_media":0,"parent":0,"menu_order":0,"comment_status":"closed","ping_status":"closed","template":"","meta":{"ngg_post_thumbnail":0,"footnotes":""},"class_list":["post-39600","page","type-page","status-publish","hentry"],"_links":{"self":[{"href":"https:\/\/opatriota.org\/index.php?rest_route=\/wp\/v2\/pages\/39600","targetHints":{"allow":["GET"]}}],"collection":[{"href":"https:\/\/opatriota.org\/index.php?rest_route=\/wp\/v2\/pages"}],"about":[{"href":"https:\/\/opatriota.org\/index.php?rest_route=\/wp\/v2\/types\/page"}],"author":[{"embeddable":true,"href":"https:\/\/opatriota.org\/index.php?rest_route=\/wp\/v2\/users\/1"}],"replies":[{"embeddable":true,"href":"https:\/\/opatriota.org\/index.php?rest_route=%2Fwp%2Fv2%2Fcomments&post=39600"}],"version-history":[{"count":1,"href":"https:\/\/opatriota.org\/index.php?rest_route=\/wp\/v2\/pages\/39600\/revisions"}],"predecessor-version":[{"id":65523,"href":"https:\/\/opatriota.org\/index.php?rest_route=\/wp\/v2\/pages\/39600\/revisions\/65523"}],"wp:attachment":[{"href":"https:\/\/opatriota.org\/index.php?rest_route=%2Fwp%2Fv2%2Fmedia&parent=39600"}],"curies":[{"name":"wp","href":"https:\/\/api.w.org\/{rel}","templated":true}]}}