{"id":44612,"date":"2019-07-26T18:14:54","date_gmt":"2019-07-26T18:14:54","guid":{"rendered":"http:\/\/opatriota.org\/?page_id=44612"},"modified":"2022-12-31T15:58:52","modified_gmt":"2022-12-31T18:58:52","slug":"oab-medicina-e-psicologia-fora-do-conselho-nacional-anti-drogas-conad","status":"publish","type":"page","link":"https:\/\/opatriota.org\/?page_id=44612","title":{"rendered":"OAB, Medicina e Psicologia fora do Conselho Nacional Anti Drogas (CONAD)"},"content":{"rendered":"<p style=\"text-align:justify;\">Mereceram ficar fora. Drogas il\u00edcitas \u00e9 caso de pol\u00edcia e n\u00e3o de discuss\u00f5es acad\u00eamicas e pseudo profissionais.<\/p>\n<p style=\"text-align:justify;\">A OAB deixou de ser a Ordem dos Advogados do Brasil e tornou-se uma Ordem de Aloprados do Brasil, defendendo apenas os criminosos, em detrimento do contribuinte que sustenta esta republiqueta bananeira e para o qual TODOS os \u00f3rg\u00e3os p\u00fablicos e privados devem trabalhar e defender.<\/p>\n<p style=\"text-align:justify;\">Ao inv\u00e9s de cumprir sua obriga\u00e7\u00e3o constitucional e institucional de fiscalizar a profiss\u00e3o, a OAB pouco se importa com o que seus associados fazem ou, ao que parece, at\u00e9 incentiva vigaristas com carteira de adEvogado a <strong>estorquirem comerciantes<\/strong>, prejudicarem clientes se vendendo \u00e0 parte contr\u00e1ria que lhes paga mais, praticarem exaustivamente a <strong>litig\u00e2ncia de m\u00e1 f\u00e9,\u00a0<\/strong>disposta no art. 17 do C\u00f3digo Civil, para protelar, postergar ou atrapalhar processos de clientes ricos, levando seus crimes \u00e0 prescri\u00e7\u00e3o e deixando-os livres,\u00a0n\u00e3o sendo isso nenhuma novidade. At\u00e9 as renas de papai Noel sabem que na advocacia est\u00e3o os maiores salafr\u00e1rios do Brasil.<\/p>\n<p style=\"text-align:justify;\"><strong>Como adEvogados estorquem comerciantes? Entrando nos estabelecimentos e vasculhando as prateleiras em busca de algum produto com prazo de validade vencido e, caso encontrem alguma coisa, utilizando-a como instrumento de chantagem e arrancando fortunas dos propriet\u00e1rios para n\u00e3o denunciarem o estabelecimento aos \u00f3rg\u00e3os de fiscaliza\u00e7\u00e3o ou \u00e0 pol\u00edcia, simples assim.<\/strong><\/p>\n<p style=\"text-align:justify;\">O Conselho Federal de Medicina \u00e9 institui\u00e7\u00e3o in\u00fatil no CONAD por que os m\u00e9dicos n\u00e3o entendem nada de farmacologia.<\/p>\n<p style=\"text-align:justify;\">M\u00e9dicos n\u00e3o passam de seres abestados que se acham deuses, mas n\u00e3o sabem nem fazer um diagn\u00f3stico baseado em anamnese. Se n\u00e3o tiverem um laborat\u00f3rio de an\u00e1lises cl\u00ednicas e de diagn\u00f3stico por imagens (raio-X, ecografia, tomografia e resson\u00e2ncia nuclear magn\u00e9tica), n\u00e3o conseguem diagnosticar uma simples apendicite, coisa que os acad\u00eamicos de medicina das d\u00e9cadas anteriores a de 1990 aprendiam a fazer na disciplina de t\u00e9cnicas operat\u00f3rias (TOP), que integra o ciclo b\u00e1sico do curso de medicina. Hoje nem nas disciplinas de cirurgia do aparelho digestivo (CAD que se divide em diversas subdisciplinas) os acad\u00eamicos aprendem a diagnostic\u00e1-la com seguran\u00e7a sem um hemograma e uma ECOGRAFIA.<\/p>\n<p style=\"text-align:justify;\">O Conselho Federal de Psicologia (CFP), assim como a OAB e o Conselho Federal de Medicina (CFM), virou um puxadinho esquerdista que promove a disc\u00f3rda entre os brasileiros.<\/p>\n<p style=\"text-align:justify;\">As revistas dos Conselhos Regionais de Psicologia (CRP) fazem descarada milit\u00e2ncia gaysista, abortista e feminista, violando claramente o princ\u00edpio constitucional de que &#8220;todos s\u00e3o iguais perante a lei&#8221;.<\/p>\n<p style=\"text-align:justify;\">J\u00e1 recebi de amigos de outros Estados da Federa\u00e7\u00e3o exemplares de revistas contendo reportagens de p\u00e1ginas inteiras sobre concurso de beleza de transexuais patrocinados por CRPs. Reportagens de capa fazendo milit\u00e2ncia feminazi e por a\u00ed vai.<\/p>\n<p style=\"text-align:justify;\">A ideologia de esquerda destruiu a psicologia como ci\u00eancia relegando-a a uma profiss\u00e3o a servi\u00e7o de um partido ou causa que matou mais que o dobro de todas as guerras e epidemias dos s\u00e9culos XIX e XX.<\/p>\n","protected":false},"excerpt":{"rendered":"<p>Mereceram ficar fora. Drogas il\u00edcitas \u00e9 caso de pol\u00edcia e n\u00e3o de discuss\u00f5es acad\u00eamicas e pseudo profissionais. A OAB deixou de ser a Ordem dos Advogados do Brasil e tornou-se uma Ordem de Aloprados do Brasil, defendendo apenas os criminosos, em detrimento do contribuinte que sustenta esta republiqueta bananeira e para o qual TODOS os &hellip; <a href=\"https:\/\/opatriota.org\/?page_id=44612\" class=\"more-link\">Continuar lendo <span class=\"screen-reader-text\">OAB, Medicina e Psicologia fora do Conselho Nacional Anti Drogas (CONAD)<\/span><\/a><\/p>\n","protected":false},"author":1,"featured_media":0,"parent":0,"menu_order":0,"comment_status":"closed","ping_status":"closed","template":"","meta":{"ngg_post_thumbnail":0,"footnotes":""},"class_list":["post-44612","page","type-page","status-publish","hentry"],"_links":{"self":[{"href":"https:\/\/opatriota.org\/index.php?rest_route=\/wp\/v2\/pages\/44612","targetHints":{"allow":["GET"]}}],"collection":[{"href":"https:\/\/opatriota.org\/index.php?rest_route=\/wp\/v2\/pages"}],"about":[{"href":"https:\/\/opatriota.org\/index.php?rest_route=\/wp\/v2\/types\/page"}],"author":[{"embeddable":true,"href":"https:\/\/opatriota.org\/index.php?rest_route=\/wp\/v2\/users\/1"}],"replies":[{"embeddable":true,"href":"https:\/\/opatriota.org\/index.php?rest_route=%2Fwp%2Fv2%2Fcomments&post=44612"}],"version-history":[{"count":1,"href":"https:\/\/opatriota.org\/index.php?rest_route=\/wp\/v2\/pages\/44612\/revisions"}],"predecessor-version":[{"id":65541,"href":"https:\/\/opatriota.org\/index.php?rest_route=\/wp\/v2\/pages\/44612\/revisions\/65541"}],"wp:attachment":[{"href":"https:\/\/opatriota.org\/index.php?rest_route=%2Fwp%2Fv2%2Fmedia&parent=44612"}],"curies":[{"name":"wp","href":"https:\/\/api.w.org\/{rel}","templated":true}]}}