{"id":51943,"date":"2020-01-24T00:31:02","date_gmt":"2020-01-24T03:31:02","guid":{"rendered":"http:\/\/opatriota.org\/?page_id=51943"},"modified":"2022-12-31T16:12:44","modified_gmt":"2022-12-31T19:12:44","slug":"a-traicao-de-bolsonaro","status":"publish","type":"page","link":"https:\/\/opatriota.org\/?page_id=51943","title":{"rendered":"A trai\u00e7\u00e3o de Bolsonaro"},"content":{"rendered":"<p style=\"text-align: justify;\">Com esta pretens\u00e3o de recriar o minist\u00e9rio da seguran\u00e7a p\u00fablica parece que a inten\u00e7\u00e3o \u00e9 claramente fatiar o Minist\u00e9rio da Justi\u00e7a e enfraquecer o ministro S\u00e9rgio Moro, fica escancarada a aparente trai\u00e7\u00e3o de Bolsonaro e que ele est\u00e1 do lado dos corruptos que roubam o contribuinte e condenam o Brasil a ser uma eterna republiqueta bananeira corrupta.<\/p>\n<p style=\"text-align: justify;\">Fica claro, agora, que parece ter Bolsonaro tirado o Prof. Dr. Sergio Moro da magistratura com o firme prop\u00f3sito de acabar com a opera\u00e7\u00e3o lava jato. Se Moro ainda fosse juiz da 13\u00aa Vara Federal, provavelmente o filhote corrupto de Bolsonaro j\u00e1 estaria, no m\u00ednimo, respondendo processo por corrup\u00e7\u00e3o e improbidade, se j\u00e1 n\u00e3o estivesse atr\u00e1s das grades.<\/p>\n<p style=\"text-align: justify;\">Est\u00e1 t\u00e3o claro como a luz do dia que Bolsonaro \u00e9, no m\u00ednimo, capacho do incompetent\u00edssimo e escrement\u00edssimo ministro Dias T\u00f3ffoli, t\u00e3o incompetente e despreparado que foi reprovado duas vezes em concurso para juiz estadual, mas gra\u00e7as a sua despudorada lambe\u00e7\u00e3o do rabo do molusco psicopata corrupto Lula, chegou ao STF, aumentado o n\u00famero de asnos naquela estrebaria jur\u00eddica. Bolsonaro faz tudo o que este nojento e odiado ministro de araque manda.<\/p>\n<p style=\"text-align: justify;\">Sob o pretexto do respeito \u00e0s institui\u00e7\u00f5es, Bolsonaro est\u00e1 fazendo tudo o que T\u00f3ffoli e os corruptos do congresso lhe ordenam, exatamente o contr\u00e1rio daquilo que o povo que o elegeu espera dele.<\/p>\n<p style=\"text-align: justify;\">Como dizem seus conterr\u00e2neos, Bolsonaro, &#8220;fique frio&#8221;. Nas pr\u00f3ximas elei\u00e7\u00f5es chutaremos teu traseiro e os de seus filhos metidos a estadistas, mas que n\u00e3o passam de amebas tensas.<\/p>\n<p style=\"text-align: center;\"><video controls=\"controls\" width=\"560\" height=\"\"><source src=\"\/mp4\/2383.mp4\" type=\"video\/mp4\" \/><\/video><\/p>\n<p style=\"text-align: center;\">[<a href=\"javascript:history.go(-1)\">Voltar<\/a>]<\/p>\n","protected":false},"excerpt":{"rendered":"<p>Com esta pretens\u00e3o de recriar o minist\u00e9rio da seguran\u00e7a p\u00fablica parece que a inten\u00e7\u00e3o \u00e9 claramente fatiar o Minist\u00e9rio da Justi\u00e7a e enfraquecer o ministro S\u00e9rgio Moro, fica escancarada a aparente trai\u00e7\u00e3o de Bolsonaro e que ele est\u00e1 do lado dos corruptos que roubam o contribuinte e condenam o Brasil a ser uma eterna republiqueta &hellip; <a href=\"https:\/\/opatriota.org\/?page_id=51943\" class=\"more-link\">Continuar lendo <span class=\"screen-reader-text\">A trai\u00e7\u00e3o de Bolsonaro<\/span><\/a><\/p>\n","protected":false},"author":1,"featured_media":0,"parent":0,"menu_order":0,"comment_status":"closed","ping_status":"closed","template":"","meta":{"ngg_post_thumbnail":0,"footnotes":""},"class_list":["post-51943","page","type-page","status-publish","hentry"],"_links":{"self":[{"href":"https:\/\/opatriota.org\/index.php?rest_route=\/wp\/v2\/pages\/51943","targetHints":{"allow":["GET"]}}],"collection":[{"href":"https:\/\/opatriota.org\/index.php?rest_route=\/wp\/v2\/pages"}],"about":[{"href":"https:\/\/opatriota.org\/index.php?rest_route=\/wp\/v2\/types\/page"}],"author":[{"embeddable":true,"href":"https:\/\/opatriota.org\/index.php?rest_route=\/wp\/v2\/users\/1"}],"replies":[{"embeddable":true,"href":"https:\/\/opatriota.org\/index.php?rest_route=%2Fwp%2Fv2%2Fcomments&post=51943"}],"version-history":[{"count":1,"href":"https:\/\/opatriota.org\/index.php?rest_route=\/wp\/v2\/pages\/51943\/revisions"}],"predecessor-version":[{"id":65615,"href":"https:\/\/opatriota.org\/index.php?rest_route=\/wp\/v2\/pages\/51943\/revisions\/65615"}],"wp:attachment":[{"href":"https:\/\/opatriota.org\/index.php?rest_route=%2Fwp%2Fv2%2Fmedia&parent=51943"}],"curies":[{"name":"wp","href":"https:\/\/api.w.org\/{rel}","templated":true}]}}

A traição de Bolsonaro

<p style="text-align: justify;">Com esta pretensão de recriar o ministério da segurança pública parece que a intenção é claramente fatiar o Ministério da Justiça e enfraquecer o ministro Sérgio Moro, fica escancarada a aparente traição de Bolsonaro e que ele está do lado dos corruptos que roubam o contribuinte e condenam o Brasil a ser uma eterna republiqueta bananeira corrupta.</p>
<p style="text-align: justify;">Fica claro, agora, que parece ter Bolsonaro tirado o Prof. Dr. Sergio Moro da magistratura com o firme propósito de acabar com a operação lava jato. Se Moro ainda fosse juiz da 13ª Vara Federal, provavelmente o filhote corrupto de Bolsonaro já estaria, no mínimo, respondendo processo por corrupção e improbidade, se já não estivesse atrás das grades.</p>
<p style="text-align: justify;">Está tão claro como a luz do dia que Bolsonaro é, no mínimo, capacho do incompetentíssimo e escrementíssimo ministro Dias Tóffoli, tão incompetente e despreparado que foi reprovado duas vezes em concurso para juiz estadual, mas graças a sua despudorada lambeção do rabo do molusco psicopata corrupto Lula, chegou ao STF, aumentado o número de asnos naquela estrebaria jurídica. Bolsonaro faz tudo o que este nojento e odiado ministro de araque manda.</p>
<p style="text-align: justify;">Sob o pretexto do respeito às instituições, Bolsonaro está fazendo tudo o que Tóffoli e os corruptos do congresso lhe ordenam, exatamente o contrário daquilo que o povo que o elegeu espera dele.</p>
<p style="text-align: justify;">Como dizem seus conterrâneos, Bolsonaro, &#8220;fique frio&#8221;. Nas próximas eleições chutaremos teu traseiro e os de seus filhos metidos a estadistas, mas que não passam de amebas tensas.</p>
<p style="text-align: center;"><video controls="controls" width="560" height=""><source src="/mp4/2383.mp4" type="video/mp4" /></video></p>
<p style="text-align: center;">[<a href="javascript:history.go(-1)">Voltar</a>]</p>

<p>Com esta pretensão de recriar o ministério da segurança pública parece que a intenção é claramente fatiar o Ministério da Justiça e enfraquecer o ministro Sérgio Moro, fica escancarada a aparente traição de Bolsonaro e que ele está do lado dos corruptos que roubam o contribuinte e condenam o Brasil a ser uma eterna republiqueta &hellip; <a href="https://opatriota.org/?page_id=51943" class="more-link">Continuar lendo <span class="screen-reader-text">A traição de Bolsonaro</span></a></p>
