{"id":53855,"date":"2020-11-15T00:50:59","date_gmt":"2020-11-15T03:50:59","guid":{"rendered":"http:\/\/opatriota.org\/?page_id=53855"},"modified":"2022-12-31T16:00:08","modified_gmt":"2022-12-31T19:00:08","slug":"novembro-negro-da-bahia-vozes-negras-mudam-o-mundo","status":"publish","type":"page","link":"https:\/\/opatriota.org\/?page_id=53855","title":{"rendered":"Novembro Negro da Bahia: Vozes Negras Mudam o Mundo"},"content":{"rendered":"<p style=\"text-align: justify;\">O negros brasileiros est\u00e3o caindo em uma armadilha e n\u00e3o est\u00e3o se dando conta disso.<\/p>\n<p style=\"text-align: justify;\">Logo lhes faltar\u00e1 EMPREGOS e o culpado disso ser\u00e1 toda esse culto que est\u00e3o tentando instituir entorno do negro e seu passado de escravid\u00e3o, crime que n\u00e3o foi o homem branco que cometeu, pois quem escravizou o negro foi o pr\u00f3prio negro em suas lutas tribais na \u00c1frica, e o vendeu aos brancos nas costas africanas, sendo os crimes dos brancos o tr\u00e1fico de escravos, maus tratos e outros, mas n\u00e3o CRIME DE ESCRAVIZA\u00c7\u00c3O DOS NEGROS. Quem duvida, assista ao v\u00eddeo abaixo, onde o cantor Mr. Catra desbanca os branquelos metidos a historiadores da R\u00e1dio Jovem Pan, dando-lhes uma aula de hist\u00f3ria que eles jamais esperavam e certamente nunca esquecer\u00e3o.<\/p>\n<p style=\"text-align: center;\"><video controls=\"controls\" width=\"560\" height=\"420\"><source src=\"http:\/\/opatriota.org\/wp-content\/uploads\/2019\/09\/1700.mp4\" type=\"video\/mp4\"><\/video><\/p>\n<p style=\"text-align: justify;\">Fazem tanto alarde, campanhas, criam cotas raciais que humilham os negros ao inv\u00e9s de promov\u00ea-los, atos de rep\u00fadio contra a escravid\u00e3o negra, mas \u00e9 imposs\u00edvel compar\u00e1-la com a escravid\u00e3o dos judeus, povo semita de cor parda\/branca que foi muito mais cruel e come\u00e7ou h\u00e1 mais de 3.000 anos, nos tempos b\u00edblicos do \u00eaxodo quando, ao emigrarem para o Egito fugindo da fome que assolou a Palestina, acabaram escravizados pelo fara\u00f3.<\/p>\n<p style=\"text-align: justify;\">Saindo do Egito, sob a lideran\u00e7a de Mois\u00e9s e chegando \u00e0 Cana\u00e3, que conquistaram sob o fio da espada, sob o comando de Josu\u00e9, exterminando tudo o que respirava sobre aquelas terras em cumprimento ao mandado de Iav\u00e9 de purificar Cana\u00e3, acabaram, poucos s\u00e9culos depois, subjugados pelos sum\u00e9rios, que destru\u00edram o primeiro Templo de Jerusal\u00e9m, constru\u00eddo por Salom\u00e3o, e escravizados no cativeiro da Babil\u00f4nia, onde ficaram por &#8220;dez semanas de anos&#8221; ou 70 anos, como est\u00e1 escrito na Tor\u00e1, sendo libertados pelo Rei da P\u00e9rsia, quando este conquistou a Babil\u00f4nia, voltando \u00e0 Jerusal\u00e9m, sob a lideran\u00e7a do Pr\u00edncipe Zorobabel, que reconstruiu o Templo, per\u00edodo que durou cerca de 1400 anos, at\u00e9 os Romanos submeteram a palestina e ap\u00f3s cerca de um s\u00e9culo de lutas contra os l\u00edderes judeus insurgentes, chamados de Messias, os Romanos, no ano 70 d.C., destru\u00edram o Templo e a cidade de Jerusal\u00e9m, matando todos os judeus que conseguiram, mas muitos fugiram e se dispersaram pelo mundo, sendo este fato hist\u00f3rico chamado de Di\u00e1spora.<\/p>\n<p style=\"text-align: justify;\">Uma vez dispersos pelo mundo, foram perseguidos, torturados e mortos pela Igreja Cat\u00f3lica, na Idade M\u00e9dia e na Idade Contempor\u00e2nea, mais especificamente durante a Segunda Guerra Mundial, foram presos em campos de concentra\u00e7\u00e3o e obrigados a trabalhar at\u00e9 morrerem ou at\u00e9, quando n\u00e3o conseguiam mais trabalhar, serem mortos nas c\u00e2maras de g\u00e1s e cremados nos fornos nazistas.<\/p>\n<p style=\"text-align: justify;\">Negros eram vendidos como mercadoria e como tal, suas vidas eram valorizadas, enquanto os judeus eram exterminados como se fossem ervas daninhas.<\/p>\n<p style=\"text-align: justify;\"><strong>Os negros escravizados por seus compatriotas negros na \u00c1frica n\u00e3o passaram por nada disso. <\/strong>J\u00e1 imaginaram se os judeus resolverem cobrar da humanidade tudo o que sofreram nestes mais de tr\u00eas mil anos de hist\u00f3ria? N\u00e3o venham os pseudo antirracistas dizer que os judeus ganharam uma terra s\u00f3 para eles ap\u00f3s a segunda guerra como compensa\u00e7\u00e3o pelo holocausto que isso n\u00e3o \u00e9 desculpa para diferenciar a escravid\u00e3o do horror sofrido por eles atrav\u00e9s dos s\u00e9culos porque os negros ganharam um pa\u00eds s\u00f3 para eles, a <strong>Lib\u00e9ria<\/strong>, na \u00c1frica subsaariana, quando foram libertos nos Estados Unidos, mas poucos dos ex-escravos norte-americanos quiseram se mudar para l\u00e1.<\/p>\n<p style=\"text-align: justify;\">Empresas contratam pessoas normais e evitam, a todo custo, empregar gente com excesso de direitos ou salvaguardas e os negros est\u00e3o justamente sendo induzidos a se alienarem de prerrogativas que os brancos n\u00e3o tem e acabar\u00e3o fora do mercado de trabalho, porqu\u00ea entre um branco que sobre o qual ningu\u00e9m far\u00e1 qualquer propaganda contra a empresa por racismo, no caso de algum conflito trabalhista, ou um negro carregado de salvaguardas e visibilidade que, caso aconte\u00e7a qualquer coisa, a empresa ser\u00e1 discriminada, processada judicialmente, sabotada, embargada e poder\u00e1 at\u00e9 falir, os empres\u00e1rios contratar\u00e3o o branco, sem a menor d\u00favida, por seguran\u00e7a e n\u00e3o pela compet\u00eancia.<\/p>\n<p style=\"text-align: justify;\">As empresas, sejam elas industriais, comerciais ou agropecu\u00e1rias, precisam e procuram compet\u00eancia e capacidade, requisitos fundamentais para a produ\u00e7\u00e3o. Diversidade n\u00e3o significa nada para produ\u00e7\u00e3o. Diversidade \u00e9 apenas ideologia e n\u00e3o constr\u00f3i ou produz nada. O que coloca comida na mesa \u00e9 a produ\u00e7\u00e3o e n\u00e3o a ideologia, muito menos essa guerrinha tosca e tola que ide\u00f3logos fomentam entre classes e ra\u00e7as e que n\u00e3o leva a nada. Apenas aumenta a discrimina\u00e7\u00e3o e empobrece cada vez mais a humanidade.<\/p>\n<p style=\"text-align: justify;\">Somos todos um povo s\u00f3, uma esp\u00e9cie s\u00f3: <em>Homo sapiens<\/em>. Se colocarmos dois esqueletos sobre uma mesa de necr\u00f3psia, um de negro e outro de branco, ningu\u00e9m conseguir\u00e1 identific\u00e1-los pela cor.<\/p>\n<p style=\"text-align: justify;\">Pensem nisso, meus irm\u00e3os negros. Voc\u00eas est\u00e3o caindo no conto do racismo e acabar\u00e3o amargando esta falsa exposi\u00e7\u00e3o e pretensa prote\u00e7\u00e3o.<\/p>\n<p style=\"text-align: justify;\">Leiam mais sobre o assunto <a href=\"http:\/\/www.sepromi.ba.gov.br\/2020\/11\/2597\/Novembro-Negro-da-Bahia-Vozes-Negras-Mudam-o-Mundo.html\" target=\"_blank\" rel=\"noopener noreferrer\">aqui<\/a><\/p>\n","protected":false},"excerpt":{"rendered":"<p>O negros brasileiros est\u00e3o caindo em uma armadilha e n\u00e3o est\u00e3o se dando conta disso. Logo lhes faltar\u00e1 EMPREGOS e o culpado disso ser\u00e1 toda esse culto que est\u00e3o tentando instituir entorno do negro e seu passado de escravid\u00e3o, crime que n\u00e3o foi o homem branco que cometeu, pois quem escravizou o negro foi o &hellip; <a href=\"https:\/\/opatriota.org\/?page_id=53855\" class=\"more-link\">Continuar lendo <span class=\"screen-reader-text\">Novembro Negro da Bahia: Vozes Negras Mudam o Mundo<\/span><\/a><\/p>\n","protected":false},"author":1,"featured_media":0,"parent":0,"menu_order":0,"comment_status":"closed","ping_status":"closed","template":"","meta":{"ngg_post_thumbnail":0,"footnotes":""},"class_list":["post-53855","page","type-page","status-publish","hentry"],"_links":{"self":[{"href":"https:\/\/opatriota.org\/index.php?rest_route=\/wp\/v2\/pages\/53855","targetHints":{"allow":["GET"]}}],"collection":[{"href":"https:\/\/opatriota.org\/index.php?rest_route=\/wp\/v2\/pages"}],"about":[{"href":"https:\/\/opatriota.org\/index.php?rest_route=\/wp\/v2\/types\/page"}],"author":[{"embeddable":true,"href":"https:\/\/opatriota.org\/index.php?rest_route=\/wp\/v2\/users\/1"}],"replies":[{"embeddable":true,"href":"https:\/\/opatriota.org\/index.php?rest_route=%2Fwp%2Fv2%2Fcomments&post=53855"}],"version-history":[{"count":1,"href":"https:\/\/opatriota.org\/index.php?rest_route=\/wp\/v2\/pages\/53855\/revisions"}],"predecessor-version":[{"id":65561,"href":"https:\/\/opatriota.org\/index.php?rest_route=\/wp\/v2\/pages\/53855\/revisions\/65561"}],"wp:attachment":[{"href":"https:\/\/opatriota.org\/index.php?rest_route=%2Fwp%2Fv2%2Fmedia&parent=53855"}],"curies":[{"name":"wp","href":"https:\/\/api.w.org\/{rel}","templated":true}]}}